git of 4105?
1
What is the tens digit of 35825?
2
What is the hundreds digit of 481?
4
What is the thousands digit of 107208?
7
What is the ten thousands digit of 48296?
4
What is the thousands digit of 4116?
4
What is the hundreds digit of 1001?
0
What is the thousands digit of 2800?
2
What is the units digit of 3032?
2
What is the units digit of 7645?
5
What is the units digit of 204111?
1
What is the tens digit of 40064?
6
What is the units digit of 385?
5
What is the hundreds digit of 2153?
1
What is the thousands digit of 1233?
1
What is the units digit of 1176?
6
What is the ten thousands digit of 154930?
5
What is the hundreds digit of 411?
4
What is the hundreds digit of 2310?
3
What is the units digit of 6497?
7
What is the thousands digit of 1762?
1
What is the hundred thousands digit of 178181?
1
What is the units digit of 519?
9
What is the thousands digit of 54048?
4
What is the units digit of 5801?
1
What is the tens digit of 34115?
1
What is the units digit of 879?
9
What is the hundreds digit of 13467?
4
What is the hundreds digit of 343?
3
What is the ten thousands digit of 14763?
1
What is the tens digit of 810?
1
What is the tens digit of 2365?
6
What is the hundreds digit of 182396?
3
What is the units digit of 899?
9
What is the thousands digit of 10825?
0
What is the tens digit of 1706?
0
What is the thousands digit of 20346?
0
What is the ten thousands digit of 38019?
3
What is the thousands digit of 2281?
2
What is the units digit of 57635?
5
What is the thousands digit of 26382?
6
What is the units digit of 820?
0
What is the tens digit of 3306?
0
What is the tens digit of 29006?
0
What is the tens digit of 288?
8
What is the hundreds digit of 10186?
1
What is the units digit of 992?
2
What is the ten thousands digit of 12726?
1
What is the units digit of 40013?
3
What is the units digit of 54753?
3
What is the units digit of 2605?
5
What is the hundreds digit of 1349?
3
What is the tens digit of 89?
8
What is the units digit of 1097?
7
What is the thousands digit of 3366?
3
What is the thousands digit of 16118?
6
What is the tens digit of 7571?
7
What is the hundreds digit of 1943?
9
What is the tens digit of 116703?
0
What is the ten thousands digit of 11945?
1
What is the thousands digit of 5799?
5
What is the tens digit of 41951?
5
What is the hundreds digit of 1171?
1
What is the ten thousands digit of 29127?
2
What is the tens digit of 657?
5
What is the tens digit of 21653?
5
What is the thousands digit of 1763?
1
What is the thousands digit of 67764?
7
What is the tens digit of 1289?
8
What is the units digit of 972?
2
What is the thousands digit of 2848?
2
What is the units digit of 111?
1
What is the hundreds digit of 60512?
5
What is the hundred thousands digit of 139411?
1
What is the hundreds digit of 7324?
3
What is the thousands digit of 3713?
3
What is the hundreds digit of 5030?
0
What is the tens digit of 743?
4
What is the units digit of 1125?
5
What is the tens digit of 531?
3
What is the hundreds digit of 4386?
3
What is the tens digit of 2422?
2
What is the tens digit of 85383?
8
What is the hundreds digit of 7278?
2
What is the units digit of 1885?
5
What is the units digit of 10432?
2
What is the hundreds digit of 869?
8
What is the tens digit of 10835?
3
What is the hundreds digit of 3076?
0
What is the units digit of 37369?
9
What is the units digit of 568?
8
What is the units digit of 1630?
0
What is the tens digit of 1421?
2
What is the ten thousands digit of 36604?
3
What is the ten thousands digit of 40890?
4
What is the thousands digit of 46549?
6
What is the thousands digit of 17482?
7
What is the hundreds digit of 93696?
6
What is the hundreds digit of 78910?
9
What is the tens digit of 14836?
3
What is the ten thousands digit of 37730?
3
What is the thousands digit of 89627?
9
What is the hundreds digit of 1269?
2
What is the ten thousands digit of 21457?
2
What is the tens digit of 11155?
5
What is the hundreds digit of 123?
1
What is the thousands digit of 21234?
1
What is the ten thousands digit of 31019?
3
What is the units digit of 48647?
7
What is the thousands digit of 44692?
4
What is the thousands digit of 6478?
6
What is the ten thousands digit of 38669?
3
What is the hundreds digit of 40020?
0
What is the tens digit of 7801?
0
What is the thousands digit of 2779?
2
What is the ten thousands digit of 25589?
2
What is the hundreds digit of 1179?
1
What is the tens digit of 25752?
5
What is the units digit of 9134?
4
What is the tens digit of 15480?
8
What is the units digit of 3663?
3
What is the units digit of 265?
5
What is the tens digit of 83?
8
What is the tens digit of 5210?
1
What is the hundreds digit of 1614?
6
What is the tens digit of 2942?
4
What is the hundreds digit of 20055?
0
What is the thousands digit of 1684?
1
What is the units digit of 9592?
2
What is the tens digit of 196?
9
What is the units digit of 3352?
2
What is the thousands digit of 2207?
2
What is the thousands digit of 41495?
1
What is the tens digit of 232?
3
What is the hundreds digit of 1070?
0
What is the hundreds digit of 6623?
6
What is the hundreds digit of 16301?
3
What is the tens digit of 2562?
6
What is the hundreds digit of 132747?
7
What is the hundreds digit of 3331?
3
What is the hundreds digit of 43579?
5
What is the tens digit of 942?
4
What is the hundreds digit of 195?
1
What is the units digit of 715?
5
What is the hundreds digit of 825?
8
What is the hundreds digit of 136?
1
What is the hundreds digit of 28231?
2
What is the tens digit of 681?
8
What is the hundreds digit of 34324?
3
What is the tens digit of 9476?
7
What is the ten thousands digit of 13256?
1
What is the tens digit of 30533?
3
What is the thousands digit of 1662?
1
What is the tens digit of 5491?
9
What is the units digit of 3421?
1
What is the tens digit of 2579?
7
What is the units digit of 22815?
5
What is the thousands digit of 5271?
5
What is the tens digit of 2675?
7
What is the tens digit of 3271?
7
What is the units digit of 10038?
8
What is the ten thousands digit of 48033?
4
What is the tens digit of 7847?
4
What is the units digit of 5971?
1
What is the units digit of 983?
3
What is the hundreds digit of 9030?
0
What is the ten thousands digit of 52722?
5
What is the hundreds digit of 1020?
0
What is the tens digit of 249?
4
What is the tens digit of 593?
9
What is the tens digit of 65073?
7
What is the tens digit of 1080?
8
What is the units digit of 22897?
7
What is the hundreds digit of 2724?
7
What is the tens digit of 1040?
4
What is the hundreds digit of 2192?
1
What is the units digit of 2731?
1
What is the units digit of 56239?
9
What is the hundreds digit of 44196?
1
What is the hundreds digit of 16646?
6
What is the tens digit of 45957?
5
What is the units digit of 44799?
9
What is the thousands digit of 1198?
1
What is the thousands digit of 6915?
6
What is the hundreds digit of 2394?
3
What is the units digit of 11659?
9
What is the hundreds digit of 661?
6
What is the hundreds digit of 16170?
1
What is the hundreds digit of 4427?
4
What is the tens digit of 14877?
7
What is the ten thousands digit of 17009?
1
What is the hundreds digit of 127172?
1
What is the thousands digit of 1404?
1
What is the units digit of 73182?
2
What is the thousands digit of 1176?
1
What is the units digit of 7398?
8
What is the units digit of 14749?
9
What is the hundreds digit of 319?
3
What is the thousands digit of 46346?
6
What is the tens digit of 2364?
6
What is the ten thousands digit of 25785?
2
What is the tens digit of 668?
6
What is the units digit of 132?
2
What is the units digit of 13430?
0
What is the hundreds digit of 3664?
6
What is the ten thousands digit of 37181?
3
What is the ten thousands digit of 22606?
2
What is the thousands digit of 5475?
5
What is the tens digit of 477?
7
What is the tens digit of 851?
5
What is the hundreds digit of 1296?
2
What is the hundreds digit of 7497?
4
What is the tens digit of 1935?
3
What is the units digit of 4698?
8
What is the hundreds digit of 11233?
2
What is the hundreds digit of 138?
1
What is the units digit of 11000?
0
What is the hundreds digit of 1776?
7
What is the ten thousands digit of 10868?
1
What is the units digit of 11011?
1
Wh